{"id":400,"date":"2024-03-01T12:44:34","date_gmt":"2024-03-01T11:44:34","guid":{"rendered":"http:\/\/localhost\/test\/?page_id=218"},"modified":"2024-09-30T20:59:18","modified_gmt":"2024-09-30T18:59:18","slug":"pokoje","status":"publish","type":"page","link":"https:\/\/www.penzionkrasna.cz\/?page_id=400","title":{"rendered":""},"content":{"rendered":"\t\t<div data-elementor-type=\"wp-page\" data-elementor-id=\"400\" class=\"elementor elementor-400\">\n\t\t\t\t<div class=\"elementor-element elementor-element-a791832 e-flex e-con-boxed e-con e-parent\" data-id=\"a791832\" data-element_type=\"container\" data-core-v316-plus=\"true\">\n\t\t\t\t\t<div class=\"e-con-inner\">\n\t\t\t\t<div class=\"elementor-element elementor-element-0a7e63e elementor-widget elementor-widget-heading\" data-id=\"0a7e63e\" data-element_type=\"widget\" data-widget_type=\"heading.default\">\n\t\t\t\t<div class=\"elementor-widget-container\">\n\t\t\t<style>\/*! elementor - v3.20.0 - 26-03-2024 *\/\n.elementor-heading-title{padding:0;margin:0;line-height:1}.elementor-widget-heading .elementor-heading-title[class*=elementor-size-]>a{color:inherit;font-size:inherit;line-height:inherit}.elementor-widget-heading .elementor-heading-title.elementor-size-small{font-size:15px}.elementor-widget-heading .elementor-heading-title.elementor-size-medium{font-size:19px}.elementor-widget-heading .elementor-heading-title.elementor-size-large{font-size:29px}.elementor-widget-heading .elementor-heading-title.elementor-size-xl{font-size:39px}.elementor-widget-heading .elementor-heading-title.elementor-size-xxl{font-size:59px}<\/style><h2 class=\"elementor-heading-title elementor-size-default\">Rozlo\u017een\u00ed l\u016f\u017eek na pokoj\u00edch<\/h2>\t\t<\/div>\n\t\t\t\t<\/div>\n\t\t\t\t\t<\/div>\n\t\t\t\t<\/div>\n\t\t<div class=\"elementor-element elementor-element-91fa098 e-flex e-con-boxed e-con e-parent\" data-id=\"91fa098\" data-element_type=\"container\" data-core-v316-plus=\"true\">\n\t\t\t\t\t<div class=\"e-con-inner\">\n\t\t\t\t<div class=\"elementor-element elementor-element-015b82d elementor-widget elementor-widget-text-editor\" data-id=\"015b82d\" data-element_type=\"widget\" data-widget_type=\"text-editor.default\">\n\t\t\t\t<div class=\"elementor-widget-container\">\n\t\t\t<style>\/*! elementor - v3.20.0 - 26-03-2024 *\/\n.elementor-widget-text-editor.elementor-drop-cap-view-stacked .elementor-drop-cap{background-color:#69727d;color:#fff}.elementor-widget-text-editor.elementor-drop-cap-view-framed .elementor-drop-cap{color:#69727d;border:3px solid;background-color:transparent}.elementor-widget-text-editor:not(.elementor-drop-cap-view-default) .elementor-drop-cap{margin-top:8px}.elementor-widget-text-editor:not(.elementor-drop-cap-view-default) .elementor-drop-cap-letter{width:1em;height:1em}.elementor-widget-text-editor .elementor-drop-cap{float:left;text-align:center;line-height:1;font-size:50px}.elementor-widget-text-editor .elementor-drop-cap-letter{display:inline-block}<\/style>\t\t\t\t<p style=\"text-align: left;\"><strong><em>&nbsp; &nbsp; &nbsp; &nbsp; &nbsp; &nbsp; &nbsp; &nbsp;p\u0159\u00edzem\u00ed:<\/em><\/strong><\/p>\n<p style=\"font-weight: 400;\"><strong><em>pokoj&nbsp;\u010d.1 \u2013 4 l\u016f\u017eka&nbsp;+ 1 p\u0159ist\u00fdlka<\/em><\/strong><\/p>\n<p style=\"font-weight: 400;\"><span style=\"text-decoration: underline;\"><strong><em><a href=\"http:\/\/www.penzionkrasna.cz\/pokoj2.jpg\">pokoj&nbsp;\u010d.2 \u2013 4 l\u016f\u017eka<\/a><\/em><\/strong><\/span><\/p>\n<p style=\"font-weight: 400;\"><strong><em>pokoj&nbsp;\u010d.3 \u2013 3 l\u016f\u017eka&nbsp;<\/em><\/strong><\/p>\n<p style=\"font-weight: 400;\"><strong><em><a href=\"http:\/\/www.penzionkrasna.cz\/pokoj3.jpg\"><span style=\"text-decoration: underline;\">pokoj&nbsp;\u010d.4 \u2013 4 l\u016f\u017eka<\/span><\/a><\/em><em>&nbsp;<\/em><\/strong><\/p>\n<p style=\"font-weight: 400;\"><strong><em>&nbsp; &nbsp; &nbsp; &nbsp; &nbsp; &nbsp; &nbsp; &nbsp;<\/em><em>patro:<\/em><em>&nbsp;<\/em><\/strong><\/p>\n<p><strong><em>pokoj \u010d.5 \u2013 4&nbsp;l\u016f\u017eka&nbsp;&nbsp;+ 1 p\u0159ist\u00fdlka<\/em><\/strong><\/p>\n<p><strong><em><a href=\"http:\/\/www.penzionkrasna.cz\/pokoj6.jpg\"><span style=\"text-decoration: underline;\">pokoj&nbsp;\u010d.6 \u2013 5 l\u016f\u017eek<\/span><\/a><\/em><\/strong><\/p>\n<p><strong><em>pokoj&nbsp;\u010d.7 \u2013 5 l\u016f\u017eek&nbsp;+ 1 p\u0159ist\u00fdlka<\/em><\/strong><\/p>\n<p><strong><em><a href=\"http:\/\/www.penzionkrasna.cz\/pokoj8.jpg\"><span style=\"text-decoration: underline;\">pokoj&nbsp;\u010d.8 \u2013 2 l\u016f\u017eka<\/span><\/a>&nbsp;<\/em><\/strong><\/p>\n<p><strong><em>pokoj&nbsp;\u010d.9 \u2013 4 l\u016f\u017eka<\/em><\/strong><\/p>\t\t\t\t\t\t<\/div>\n\t\t\t\t<\/div>\n\t\t\t\t\t<\/div>\n\t\t\t\t<\/div>\n\t\t<div class=\"elementor-element elementor-element-1b87eb0 e-flex e-con-boxed e-con e-parent\" data-id=\"1b87eb0\" data-element_type=\"container\" data-core-v316-plus=\"true\">\n\t\t\t\t\t<div class=\"e-con-inner\">\n\t\t\t\t<div class=\"elementor-element elementor-element-cd8402c elementor-widget elementor-widget-heading\" data-id=\"cd8402c\" data-element_type=\"widget\" data-widget_type=\"heading.default\">\n\t\t\t\t<div class=\"elementor-widget-container\">\n\t\t\t<h2 class=\"elementor-heading-title elementor-size-default\"> P\u0159ist\u00fdlka je rozlo\u017een\u00e1 v\u00e1lenda na \u0161\u00ed\u0159ku 130cm\n\n  a je vhodn\u00e1 pro d\u011bti do osmi let.<\/h2>\t\t<\/div>\n\t\t\t\t<\/div>\n\t\t\t\t\t<\/div>\n\t\t\t\t<\/div>\n\t\t\t\t<\/div>\n\t\t","protected":false},"excerpt":{"rendered":"<p>Rozlo\u017een\u00ed l\u016f\u017eek na pokoj\u00edch &nbsp; &nbsp; &nbsp; &nbsp; &nbsp; &nbsp; &nbsp; &nbsp;p\u0159\u00edzem\u00ed: pokoj&nbsp;\u010d.1 \u2013 4 l\u016f\u017eka&nbsp;+ 1 p\u0159ist\u00fdlka pokoj&nbsp;\u010d.2 \u2013 4 l\u016f\u017eka pokoj&nbsp;\u010d.3 \u2013 3 l\u016f\u017eka&nbsp; pokoj&nbsp;\u010d.4 \u2013 4 l\u016f\u017eka&nbsp; &nbsp; &nbsp; &nbsp; &nbsp; &nbsp; &nbsp; &nbsp; &nbsp;patro:&nbsp; pokoj \u010d.5 \u2013 4&nbsp;l\u016f\u017eka&nbsp;&nbsp;+ 1 p\u0159ist\u00fdlka pokoj&nbsp;\u010d.6 \u2013 5 l\u016f\u017eek pokoj&nbsp;\u010d.7 \u2013 5 l\u016f\u017eek&nbsp;+ 1 p\u0159ist\u00fdlka pokoj&nbsp;\u010d.8 [&hellip;]<\/p>\n","protected":false},"author":1,"featured_media":0,"parent":0,"menu_order":0,"comment_status":"closed","ping_status":"closed","template":"","meta":{"footnotes":""},"class_list":["post-400","page","type-page","status-publish","hentry"],"_links":{"self":[{"href":"https:\/\/www.penzionkrasna.cz\/index.php?rest_route=\/wp\/v2\/pages\/400","targetHints":{"allow":["GET"]}}],"collection":[{"href":"https:\/\/www.penzionkrasna.cz\/index.php?rest_route=\/wp\/v2\/pages"}],"about":[{"href":"https:\/\/www.penzionkrasna.cz\/index.php?rest_route=\/wp\/v2\/types\/page"}],"author":[{"embeddable":true,"href":"https:\/\/www.penzionkrasna.cz\/index.php?rest_route=\/wp\/v2\/users\/1"}],"replies":[{"embeddable":true,"href":"https:\/\/www.penzionkrasna.cz\/index.php?rest_route=%2Fwp%2Fv2%2Fcomments&post=400"}],"version-history":[{"count":4,"href":"https:\/\/www.penzionkrasna.cz\/index.php?rest_route=\/wp\/v2\/pages\/400\/revisions"}],"predecessor-version":[{"id":630,"href":"https:\/\/www.penzionkrasna.cz\/index.php?rest_route=\/wp\/v2\/pages\/400\/revisions\/630"}],"wp:attachment":[{"href":"https:\/\/www.penzionkrasna.cz\/index.php?rest_route=%2Fwp%2Fv2%2Fmedia&parent=400"}],"curies":[{"name":"wp","href":"https:\/\/api.w.org\/{rel}","templated":true}]}}